)/20)/6. Let z = 73 - u. List the prime factors of z.
5, 29
Let u(a) = -a**2 - 3*a - 1. Let m be u(-3). Let j = -340 - -362. List the prime factors of (-9 - 1 - m)*j/(-1).
2, 3, 11
Let s(v) = -5*v + 20. Let q(r) = r**3 + 8*r**2 - 10*r - 7. Let a be q(-9). Suppose -y - a - 4 = z, -4*z + 2*y = 24. List the prime factors of s(z).
2, 5
Suppose 2380 = -5*r - 4*h, 0*r + 5*h + 1913 = -4*r. Suppose -3*q - 76 - 302 = 3*p, 4*q - 4*p + 504 = 0. List the prime factors of r/(-14) + (-36)/q.
2, 17
Let j(r) = 24*r**3 - 2*r**2 - 6*r + 7. Let x be j(1). Suppose -z - 17*v + x = -22*v, 0 = -z - 3*v + 7. What are the prime factors of z?
13
Suppose -t - 3*w + 38020 = 0, 2*t + 42973 = 4*w + 119023. What are the prime factors of t?
47, 809
Let f(y) = 81*y + 2812. What are the prime factors of f(74)?
2, 7, 17, 37
Let g be (-66)/(-44) + (-1)/2*-1. What are the prime factors of (-10)/((-80)/8244) + 3/g?
2, 3, 43
Let x = 68 - 65. Let a(s) = 44*s**2 - 4*s + 9. List the prime factors of a(x).
3, 131
List the prime factors of (-4)/(-14) - (9 - 77064/21).
7, 523
Let y(h) = 154*h - 93. Let o be y(11). Let s = o - 888. What are the prime factors of s?
23, 31
Let v be 3/(-12) + 6/24. Suppose 4*m = q - 353, v*q - 991 = -3*q - 5*m. List the prime factors of q.
337
Let v(d) = d**3 + d**2 - 12*d + 3. Suppose -20 = 7*y - 2*y. Let w be v(y). Suppose w*s = -4*s + 336. List the prime factors of s.
2, 3
Suppose 240*l = 29*l + 4271062. List the prime factors of l.
2, 29, 349
List the prime factors of (-509*1)/(26 + (-474)/18).
3, 509
Suppose -4*l - 3*g + 1479 = -1359, 5*g - 10 = 0. Let i = l + -506. Let n = 288 - i. List the prime factors of n.
2, 43
Suppose 5*m = 3*s - 59629, -120*s + 115*s - m = -99335. List the prime factors of s.
2, 4967
Let k(x) = -x**3 + 12*x**2 - 5*x - 9. Let u(n) = -n**2 + 12*n + 5. Let r be 0*4/8 - 24/(-2). Let g be u(r). List the prime factors of k(g).
3, 47
Let j(k) = 9*k - 6. Let n be j(-7). Let z be (n + 4)/(2*2/(-16)). Suppose -z = -8*w + 6*w. What are the prime factors of w?
2, 5, 13
Suppose -3*n - 2*y + 3967 + 699 = 0, -y = -3*n + 4678. Let h = n + -891. List the prime factors of h.
23, 29
Let q(u) = 2*u**2 + 6*u - 17. Let f be q(-5). Suppose -46 + 31 = -f*r. Suppose 3*y = -r*g + 755, 2*g + y = -g + 449. What are the prime factors of g?
2, 37
Suppose 32510 = 3*b - 5*m, -2*b = -3*b - 4*m + 10865. List the prime factors of b.
3, 5, 241
Let a = 1405 + -839. Suppose -3*u - 5*z = -0*u - a, 5*u - 4*z - 894 = 0. What are the prime factors of u?
2, 7, 13
List the prime factors of (10/75)/((-13)/(-128505)).
2, 659
List the prime factors of (24 - 929355/(-189)) + (-4)/18.
3, 61
Suppose -4*i = -2*a + 17620, 3*a - 2*i - 27422 = -1004. List the prime factors of a.
2, 31, 71
Let k = 12806 - -2120. List the prime factors of k.
2, 17, 439
Let l = -4113 - -15253. What are the prime factors of l?
2, 5, 557
Let s = 8267 + -6464. What are the prime factors of s?
3, 601
List the prime factors of 15*2/(-3) + 8625.
5, 1723
Let r = 1218 - 665. Suppose -o + 0*o + 281 = -3*g, -2*o = 3*g - r. List the prime factors of o.
2, 139
Suppose -2*s - 4*m + 37 = 3*s, -5 = 2*s - 5*m. Suppose -10*y + 6*y + 3*v + 1588 = 0, -5*y + 1990 = -s*v. What are the prime factors of y?
2, 197
Let x(d) = d**3 + 30*d**2 - 15*d - 4. Let h = -237 + 207. What are the prime factors of x(h)?
2, 223
Suppose 5*z + 2*t - 14856 = 0, -2*z + 4*t + 5942 = 5*t. List the prime factors of z.
2, 743
Let s = -60 + 24. Let j = s + 172. Suppose 2*k - 4*n = j, 5*n + 7 = 22. What are the prime factors of k?
2, 37
Suppose 3*u + 2145 = 11250. Suppose -3*c + u = 2*w, -23*w = -5*c - 21*w + 5053. What are the prime factors of c?
3, 337
Suppose -11723 = 13*v + 4722. Let f = -633 - v. Suppose -6*z = -2*z - f. List the prime factors of z.
2, 79
Let r(v) = -17*v**3 - 9*v**2 - 22*v + 41. List the prime factors of r(-14).
45233
Suppose 17074 = -80*j + 1394994. What are the prime factors of j?
2, 2153
Let k(z) = z**2 + 15*z + 47. Let v be k(-11). Suppose v*r - 248 = -r. Suppose 2*f + r - 110 = 0. What are the prime factors of f?
2, 3
Suppose -3*p + 5*s - 50 = 0, -3*p + 3*s - 63 = p. List the prime factors of (2/((-12)/1502))/(p/45).
751
Suppose -3 = -3*i, -136*i = 5*z - 131*i - 190380. List the prime factors of z.
5, 1523
Let m(w) = w**3 - 7*w**2 - 29*w + 182. Let n be m(8). Let u = 587 - n. What are the prime factors of u?
3, 191
Let g(p) = -p**3 - 19*p**2 - 18*p + 3. Let l be g(-18). List the prime factors of 2 + (l - 8) + 380 + 12.
389
Suppose b = -6*m + 10*m + 3050, 5*b - 5*m = 15325. What are the prime factors of b?
2, 5, 307
Suppose 174322 = 45*z - 79613. What are the prime factors of z?
3, 11, 19
Suppose 18 = -5*q + 11*q. What are the prime factors of ((-9)/5)/(q/(-225))?
3, 5
Suppose 5*c + 4 = 4*c - b, 4*b + 16 = c. Suppose 73*m - 72*m = c. Suppose -5 = 5*g + 10, -3*r + 3*g + 339 = m. List the prime factors of r.
2, 5, 11
Suppose -23100 = -5*c + 2*o + 74191, 5*o + 77826 = 4*c. What are the prime factors of c?
11, 29, 61
Suppose 79*t - 84*t - 2*u + 329729 = 0, -4*u + 131866 = 2*t. What are the prime factors of t?
3, 13, 19, 89
Let a = 1202 + 1263. List the prime factors of a.
5, 17, 29
Suppose 0 = 2*h + 3*d - 19, 0*h = -2*h + 2*d - 6. What are the prime factors of (4/5)/h - 85082/(-95)?
2, 7
Suppose 0 = -8*p + 9*p - 404. Suppose -y + p = -182. What are the prime factors of y?
2, 293
Suppose -4*o = 4*m + 32, -2*o + 4 = -m - 10. Let y(f) = -60*f - 32. What are the prime factors of y(m)?
2, 71
Let m(h) be the second derivative of 8*h**3/3 + 15*h**2 + 28*h. Let b(c) = -1. Let s(t) = 3*b(t) - m(t). List the prime factors of s(-14).
191
Let n = 522 + -272. Suppose 245*s + 1445 = n*s. What are the prime factors of s?
17
Let t = -2 - -5. Let n(u) = -u**2 - 17*u + 28. Let j be n(-16). Suppose -t*p + j = -p. List the prime factors of p.
2, 11
Suppose 0 = -3*x - 5*l + 25, l - 12 = -4*x + 5*l. Let u be 79 + ((-8)/(-2) - x). Suppose 4*h = 2*w - 5*w + 129, 3*h = 4*w + u. What are the prime factors of h?
2, 3, 5
Let r = -746 + 1054. Let y = 2002 - 2177. Let z = y + r. List the prime factors of z.
7, 19
Suppose -53076 - 65077 = -18*f + 149147. What are the prime factors of f?
2, 3, 5, 11
Suppose 22*y + 689 = 18*y + x, -3*x + 3 = 0. List the prime factors of 13 + y/12 - 3380/(-6).
2, 281
Let t be 2 + (1037 - 3) + -3 - -3. Let c = t + -542. List the prime factors of c.
2, 13, 19
Let x be (-649)/(-2) - 9/18. Let g = x - 202. List the prime factors of g.
2, 61
Let r(h) = h**2 + h + 85. Let v(l) = 69*l**2 - l - 1. Let c be v(-1). Let j = -69 + c. What are the prime factors of r(j)?
5, 17
Suppose 27*p - 1044299 - 150019 = 0. What are the prime factors of p?
2, 17, 1301
List the prime factors of (2 - (0 - 2)/(-2))/(2989/14962934).
2, 2503
Suppose 5*g - 4*l - 10551 + 3454 = 0, 5*g + 2*l = 7109. List the prime factors of g.
7, 29
Suppose 3*n + 3*l = 20 - 5, -19 = -3*n - 2*l. Let h(g) = 47*g + 114. List the prime factors of h(n).
3, 179
Suppose 5*f - 5690 = 8190. Let a = f - 1111. Suppose 2*n + 7*n - a = 0. List the prime factors of n.
5, 37
Let t = 0 + -65. Let z = 185 + t. Suppose -z + 894 = 6*x. What are the prime factors of x?
3, 43
Suppose 5*y + 49 + 76 = 0. List the prime factors of (-130)/y + -5 + 7518/10.
2, 47
Let w(q) = 15*q - 77. Let a be w(5). What are the prime factors of 152/6*21*a/(-7)?
2, 19
Suppose 2*r - 5*a = r - 20, 0 = -4*r + 3*a - 12. Suppose r = 35*i - 39*i + 184. What are the prime factors of i?
2, 23
Let t(n) = -n**2 - 6*n + 2. Let z be t(-6). Suppose z*a - 4 = 2. Suppose 607 = 5*h - a*v, 3*v + 51 = 3*h - 318. List the prime factors of h.
7, 17
List the prime factors of (-128 - -139) + 109173/5 + (-4)/(-10).
2, 3, 11, 331
Let l(n) = -n**3 + 9*n**2 - n + 7. Let y be l(10). Let t = y - -279. What are the prime factors of t?
2, 11
Suppose 47*l - 251208 - 1105985 = 933963. What are the prime factors of l?
2, 7, 1741
Let v(m) = 2*m**3 + 28*m**2 + 4*m - 21. Let t be v(-14). Suppose -2*z + 334 = 4*b, b - 5*b + 349 = -z. Let w = b + t. List the prime factors of w.
3
Let x(v) = -545*v + 364. What are the prime factors of x(-9)?
11, 479
Let u = -61041 - -102688. What are the prime factors of u?
41647
Let r(k) = 111*k**2 - 5*k + 7. List the prime factors of r(-9).
9043
Let w(p) = 4*p**2 + 87*p - 802. What are the prime factors of w(-73)?
